at is the value of 4 - (11 - 3) - 0?
-4
Evaluate 8 - ((-5 - 0) + -20 + 26).
7
Evaluate -3 - (8 - 8) - (-1 + (-8 - 1)).
7
What is -1 + -26 + (15 - (23 + -11 - 7))?
-17
Calculate 0 - 2 - -10 - (64 + -52).
-4
Evaluate -1 + -19 + 8 + 22 - 7 - -16.
19
Evaluate -3 + 25 + -8 + 2 + -12.
4
Evaluate 2 + 1 + -8 - (33 - 43).
5
What is (-7 - (-16 + 9)) + 6 - 19?
-13
What is the value of 279 + -284 - (-17 + -1) - 4?
9
Calculate 0 + 0 - (-6 + 11 - (-8 + 6)).
-7
-3 + (-11 - -13) + -5 - 0
-6
What is 0 + (5 - 12) + -3 + 11 - 0?
1
4 + -4 + 13 + -22 + -27
-36
What is the value of 7 + 7 + (-5 - (-6 - -4))?
11
5 + (-6 - -5 - -3)
7
23 + -1 - (-19 - -33)
8
-3 + -4 + 1 + -10 + 5
-11
What is the value of 1 + -9 + (-51 - -57) - 8?
-10
Calculate (0 + 0 - 6) + (-226 - -234).
2
-24 - -34 - (-2 - (-7 + (18 - 6)))
17
59 + (1 + -15 - (44 - 40))
41
-16 + (14 - 15) + 9 + 10
2
57 + (-18 - -2) - 57
-16
Calculate (-13 - 5) + (-95 - -122).
9
What is the value of (13 - -7) + -4 - (32 + -36)?
20
What is the value of (-8 - -4) + 7 + 0 + -8 + 11?
6
-15 + -38 + 18 - -5
-30
-17 - (8 - (-4 + 3 - -17))
-9
Evaluate (3 - -5 - 1) + (-7 - (-3 - -14)).
-11
Evaluate -6 + 2 + (20 - (2 - 1)) - 4.
11
What is -1 + 1 - 6 - (-1510 + 1519)?
-15
-13 - (-5 - (3 + (5 - (3 - -5))))
-8
What is 11 + (-12 - (1 + 4) - (-4 - 4))?
2
(-3 - -1 - (3 - 6)) + (31 - 44)
-12
What is the value of 2 + (16 - 1 - 9)?
8
What is the value of -8 + 10 - (5 + -2 + -3 + -2)?
4
-65 - -65 - (2 + (2 - 0)) - 4
-8
What is the value of 7 - (14 + (-11 - 3))?
7
What is 2 - ((-3 - -19) + (-13 - 7))?
6
-18 - (-15 + -4) - -5
6
Evaluate -2 - -19 - 27 - 5.
-15
What is the value of 26 + (-31 - 10) + 0?
-15
(-13 - -6) + -8 + 5 + -26 + 24
-12
Calculate 1 + (15 - (11 - 6)) - (5 - -1).
5
0 - (-33 + (34 - -5))
-6
What is -13 - (-3 + 1) - (11 - (38 + -23))?
-7
-18 - (-35 + 17 - (-10 + 0))
-10
12 - (14 - -10) - -25 - 7
6
Evaluate -8 - (1 - (5 + 6)) - -6.
8
Evaluate -11 + 6 + (4 + -8 - 3).
-12
-122 + 108 - (7 + -2 + -11)
-8
What is the value of -4 - (5 + -2 - (-38 + 41))?
-4
What is the value of 2 + -8 + (2 - (-1 - 3)) + 2?
2
What is the value of (-33 + 2 - (-154 + 142)) + (5 - -2)?
-12
Calculate (10 - -3) + -14 - -6.
5
Evaluate -3 + 1 + 22 + -2 + -10.
8
What is -10 + -10 - 1 - 5?
-26
What is -9 + -4 + 11 - -12?
10
What is -37 - (12 + -32 - -1) - 10?
-28
25 - (23 + 46 + -62)
18
Calculate -4 - -21 - (124 + -125).
18
What is -13 + (1 - -6) + (-122 - -133)?
5
34 - 3 - (223 - 186)
-6
(-37 - -17) + 4 + -1 + 5
-12
Evaluate -5 - (-18 + 18 + (1 - -1)) - -18.
11
Calculate ((-8 - -17) + (0 - 5) - -1) + 0.
5
What is the value of (-21 - -9 - 7 - -1) + 38?
20
What is 4 + (-2 - -2) + -17 + 19 + 9?
15
Evaluate 10 + (14 + -18 - -8).
14
What is the value of (-6 - -2) + (0 - 6 - 2)?
-12
Evaluate (-235 - -235) + -1 + (1 - -1).
1
-37 + 28 + -19 + 61
33
What is the value of 9 + 0 + (5 - 7) + -1?
6
1 - -33 - (-343 + 335 - (2 + -13))
31
Calculate 21 + (9 - (-20 + 40)).
10
(-9 - (-7 + -8)) + -13 - -9
2
What is the value of 1 - -10 - (0 + 1) - -8?
18
What is -7 + (-4 - (-8 + 4)) - (-2 - -1)?
-6
What is -4 + (6 - ((16 - 2) + -1))?
-11
Calculate -8 + -23 + (-1 + 8 - -3).
-21
Calculate 35 + (3 - -22) + -34.
26
What is (9 + -24 + 9 - (-2 - -3)) + -15?
-22
Evaluate 7 + (4 - -4) + -22.
-7
What is the value of (9 - 38) + -5 + 64?
30
Calculate 9 - ((-8 - -5) + 5 - 0).
7
Calculate -7 - (-14 + 0 + 19).
-12
22 + (-2 - (-3 - -2)) + (186 - 181)
26
Calculate (-6 - -5 - 2) + 2 + (2 - 11).
-10
What is 7 - 0 - (961 + -944)?
-10
Calculate 24 - (15 + 1) - -12.
20
What is the value of 10 - 21 - -15 - 5?
-1
What is the value of (-24 - (-48 + 25)) + (22 - 0)?
21
Evaluate 8 + 7 + -18 + 0 + 0.
-3
What is the value of (-24 - -6) + (11 - 7) - -12?
-2
What is 24 + (1 - 1) + (1162 - 1167)?
19
Calculate -6 + 11 + 15 + -13 + -33.
-26
What is 4 - (-8 - -7) - 7 - -8?
6
What is the value of (-5 + -10 - -4) + (15 - 8)?
-4
What is -6 + (-15 - -16 - 7)?
-12
What is 5 + -3 + 1 + (13 - 0) - 2?
14
Calculate (12 - -8) + -15 + (-15 - 0).
-10
35 + -22 - (10 + -15)
18
Calculate -26 + -1 + -2 + (-43 - (-51 - 5)).
-16
What is the value of -8 - (-17 + -20 + 24)?
5
What is the value of (0 - 1) + (1 - -2) - 7?
-5
Evaluate (8 - 5) + 4 + (3 - (11 - -8)).
-9
Evaluate -20 - (-19 - (-11 - -11)).
-1
What is -7 - (13 + -16 - 12)?
8
4 - (-48 + (37 - 16))
31
Calculate 3 + -5 + 3 + -4.
-3
6 + (-3 - -12) + -14
1
What is 48 + -141 + 100 + (-1 + 2 - -2)?
10
Calculate (1 - 1) + 26 + -28.
-2
-69 + 102 - (4 + (8 - (-2 + 3)))
22
Calculate (-3 + -1 - (-18 - -4)) + -17 + 11.
4
Evaluate 19 + -24 + (6 - (-1 + -2)) - 4.
0
What is -14 + 48 + -13 + (-7 - -13)?
27
What is (-1 - -1 - 8) + 1 + 13 + -8?
-2
Calculate 574 + -539 + -3 + -2.
30
Calculate 18 - (36 - 23 - (5 - -3)).
13
Evaluate -6 - (16 + -15) - -3.
-4
What is -7 + 1 - (-50 - -46)?
-2
What is 6 + (17 - (-1 - -10)) - 9?
5
What is -53 + 1 - (2613 + -2649)?
-16
Calculate 7 + -6 + -3 + -1 - 3 - 18.
-24
Calculate -1 + 10 + (-3 - 10) + 1.
-3
What is the value of 5 - (1 - -4 - (8 + -15 + 16))?
9
13 + (-17 + 18 - 7)
7
Calculate 24 + (-30 + 24 - 17).
1
(4 - -7) + 8 + (-11 - 4) - 31
-27
Evaluate (7 - (-3 - -2)) + (-27 - (6 + -29)).
4
What is the value of 1 + -4 + -1 + (36 - (-26 + 59))?
-1
Evaluate 1 + 0 + (30 - (56 + -30)).
5
What is -17 - (5 + 4 + (-19 - (-1 - -2)))?
-6
What is -3 - (3 + (-21 - -10))?
5
What is the value of 16 + 8 + -19 + -9 + 4?
0
1 - (-9 + 0 + -4 + 4)
10
-52 - -26 - (-13 - -17)
-30
Evaluate -12 - (-7 - -4) - -19.
10
(-2 - 5) + 17 + -16
-6
Evaluate (-35 + 14 - -18) + -3 - -20.
14
What is the value of (-8 - 1) + (-102 - -110)?
-1
Calculate (5 - (-6 - -5)) + (1 - 14).
-7
What is the value of -6 + (3 - (-11 + 7 - -3))?
-2
What is the value of 19 - (-1 + 14 + 47 + -50)?
9
What is the value of (-3 + -3 - (-2 - -3)) + -4?
-11
What is the value of 12 + (1191 - 1192) + (-2 - 6) + -1?
2
Calculate -7 - 1 - (1 - ((-1 - 5) + -3)).
-18
(-63 - -72) + (3 - (-6 + 26))
-8
What is (19 - (-5 + 3)) + -3 + 26 + -27?
17
What is (1 - -6) + (-25 + 15 - -5) + 1?
3
-6 - (-1 - -10 - (-29 - -17 - -17))
-10
-12 - (-9 + 10 - 12)
-1
What is the value of 11 - (-5 + 24 + -15)?
7
Calculate (0 - -20 - 57) + 12.
-25
Evaluate -143 + 160 - (9 - -2) - 36.
-30
Evaluate 7 + -1 - (-245 - -228).
23
Evaluate 5 - -8 - 4 - (-23 - (4 + -5)).
31
Calculate (8 - 13) + (-7 - -3 - -8).
-1
Evaluate 3 + -5 + 11 + -5 + -1 + 7.
10
(23 - 6) + -9 - 8 - (1 - -1)
-2
-457 + 447 - (-1 - 9)
0
What is ((-1 - (-6 - -13)) + 5 - -8) + -21?
-16
Evaluate (-4 - (-16 + 2)) + -14 + (-1 - 1).
-6
Evaluate -3 - 12 - -21 - 12.
-6
Calculate 16 + 9 + -2 - 23.
0
What is the value of -23 - (-28 - (4 + 0 + -16))?
-7
What is 17 - (26 + -4 + 1)?
-6
88 - 77 - (-2 - 0 - -2)
11
What is (56 - (15 + 22)) + 14?
33
-6 + (-6 - (-3 + 5) - 5)
-19
Calculate 128 - 126 - ((4 - 4) + 1).
1
Evaluate -14 - (8 + -4 + -1 + (-3 - -8)).
-22
(-12 - (-4 + 4)) + 18
6
What is -12 + 12 + -2 + 4?
2
Evaluate (4 - (8 + (8 - -12))) + (15 - 12).
-21
What is -22 + 61 - 22 - 7?
10
What is 5 + 8 - 8 - (-8 - 0)?
13
8 + -2 + -10 - 1 - 7
-12
Evaluate -39 - -42 - (1 + -3 + -2) - -11.
18
Evaluate ((-4 - -2) + 3 - -1) + 244 + -235.
11
What is -4 - (10 - (17 - 10))?
-7
Evaluate -10 - ((0 - -18) + -8 + -2 - 37).
19
What is the value of (5 - 1) + (32 - (-8 + 37))?
7
What is the value of (-25 + 38 - -21) + -14?
20
Evaluate (5 - -5) + -13 - 5.
-8
Evaluate -9 + 50 + -39 - (-3 - 0).
5
6 - ((2 - (-17 - -24)) + 14)
-3
What is 2 + (50 - 49 - 41)?
-38
What is the value of (-17 + 42 - 15) + -7?
3
Calculate (-11 - (-17 - -7)) + -2 + 9 + 4.
10
What is 7 + 5 + 20 + -19?
13
Evaluate (-3 - 1) + -9 + (7 - -28) + 5.
27
Calculate -8 + 0 + (-84 - -85).
-7
-22 - -25 - (0 - -10)
-7
What is -21 + -19 + 41 + -1 + -25?
-25
Evaluate (18 - 22) + (9 - -2) + 0 + 6.
13
Evaluate -1803 + 1786 + 29 + (-1 - -3).
14
Evaluate -2 + 7 - ((0 - -3) + 1 + -9).
10
Calculate 1 - (-13 + (-13 - -8) + 13 - 6).
12
What is the value of 13 + (-6 - -15) - 13 - (7 + 0)?
2
Calculate -28 + 1 + -344 + 383.
12
What is 3 + 1 + -2 + (-2 - 11)?
-11
What is the value of -5 - (-5 - (-1 + 8 - 7))?
0
What is 1 + 5 + 12 + -45?
-27
What is the value of -44 + 5 + -17 + 33 + -12?
-35
(-1 - 0) + -70 + 68 + 7
4
Evaluate (-5 - 19) + 15 + 35 + -1.
25
Evaluate -11 + (12 - (-3 - -10)).
-6
Evaluate 29 + -26 - 5 - (2 - 7).
3
What is the value of 13 - (10 - (21 + -12))